me?
True
Suppose 1869*l - 52712 = 1861*l. Is l composite?
True
Let v(s) = 7*s**2 + 18*s + 69. Is v(16) composite?
True
Suppose 5*h = 9*h. Suppose 885 = 5*q - h*q. Is q a composite number?
True
Suppose 3*p - 3410 = 3*a + 1318, 0 = 2*p - a - 3153. Is p composite?
True
Suppose 4*a = -5*z + 32, -z = -3*a - 2*z + 13. Suppose -4*b + 3919 = -3*x, -2940 = -3*b - 0*b + a*x. Suppose 2*l = b - 9. Is l prime?
False
Suppose -2*b - 3 = 3, 0 = r + b - 632. Suppose 0 = 8*u - 3403 + r. Is u a composite number?
True
Suppose -11*w = -7*w - 12. Suppose 121 + 632 = w*b. Is b prime?
True
Let p = -3312 + 4935. Is p a prime number?
False
Suppose -h + 2162 + 417 = 0. Is h composite?
False
Suppose -5*j = -2*m - 895, -7*m + 6*m - 179 = -j. Is j composite?
False
Suppose 28*n - 2199704 = -670428. Is n a prime number?
True
Let h be 0 + 3 + -7 + -75. Is (-1 - -6)/((-1)/h) prime?
False
Let q(x) = 58*x - 37. Let h = -3 + 9. Is q(h) a prime number?
True
Suppose 0 = 2*s + y + 14, 0 = y - 0*y - 4. Let j = s - -11. Suppose -j*w - 2345 = -7*w. Is w a prime number?
False
Suppose -2*f - 3*z = -10053 - 1366, -4*f - z = -22823. Suppose -3*l = 2*l - f. Is l a composite number?
True
Let l be (-5)/2*24/(-30). Let r be -3*(-562)/6*l. Suppose 7*c - 327 = r. Is c a prime number?
True
Let w = 3637 - -748. Is w prime?
False
Let l = -7616 + 17180. Suppose l = 11*w + w. Is w a composite number?
False
Let f(s) = 691*s**3 - 2*s**2 - 2*s + 19. Is f(6) composite?
True
Suppose 17*g = 14*g. Suppose g = q - x - 195, -q - 2*x - 196 = -2*q. Is q a composite number?
True
Suppose -2*h = 4*x - 10, -4*x = -2*h + 13 - 3. Let l(g) = -g**3 - g + 1. Let s(z) = 3*z**3 + 3*z - 1. Let k(j) = -4*l(j) - s(j). Is k(h) a composite number?
False
Let h = -318 + 2029. Suppose 3*m = -0*m + 4032. Suppose -i = -5*t + 3055, -m = -5*t - 2*i + h. Is t a prime number?
False
Let z = 1432 + -764. Suppose 16*p = 25*p - 729. Let w = z - p. Is w composite?
False
Let m = 0 + 7. Is m composite?
False
Let n = 1138 + -56. Is n a composite number?
True
Let u(v) = -214*v + 213. Is u(-19) a composite number?
True
Is (18362 - 0) + (18 - 3)/3 a prime number?
True
Let i(s) = -16*s**3 - s**2 + 6*s - 7. Let t(u) = 2*u**2 - 11*u - 3*u**3 + 6*u**3 + 13 + 28*u**3. Let x(z) = 11*i(z) + 6*t(z). Is x(2) composite?
True
Let s(n) = -n**2 + 9*n - 14. Let q be s(6). Suppose a + 2*j - 66 = 0, -3*a - q*j + 202 = j. Is a prime?
False
Suppose -33*w + 37*w - 182588 = 0. Is w composite?
True
Let x(v) = -18*v**3 + 3*v**2 - 16. Is x(-5) prime?
True
Suppose -5*r - 5*l = -3680, 0 = 3*r - 0*r - 2*l - 2213. Is r a composite number?
True
Is ((-25)/75)/((-4)/1065684) prime?
True
Let z be 0 + 60 + (-4)/2. Let w = z - 83. Let s = w - -282. Is s a composite number?
False
Let f = 13 + -10. Suppose -4*p + 14 = -f*b, 2*b + 3*b + p + 31 = 0. Is (1676/b)/(2/(-3)) a composite number?
False
Is -2*((-3 - 440) + (-1)/2) composite?
False
Let g = -13 + 17. Suppose -v = -g*l - 669, -3*v + 2*l + 925 = -1092. Is v a prime number?
True
Suppose -4323 = -54*t + 51*t. Is t a prime number?
False
Let y = 4649 - -1494. Is y composite?
False
Let v = -2059 + 3602. Is v a composite number?
False
Suppose 5*t = t - 5*u + 36, 0 = -3*t + 4*u - 4. Suppose -t*n + 2105 = -1415. Suppose k - 5*k = 3*w - n, 0 = 3*k - 2*w - 677. Is k a composite number?
False
Suppose 3*j + 3*n = 2505, -5*j = -5*n - 6649 + 2434. Is j prime?
True
Let i be 22/(-3) - (-18)/(-27). Let m(k) = 51*k**2 + 3*k - 15. Let v(o) = -34*o**2 - 2*o + 10. Let z(p) = i*v(p) - 5*m(p). Is z(-4) a prime number?
True
Let q = 132 + 479. Let x = -126 + q. Is x prime?
False
Suppose h + 2*c = -0*h - 177, -5*c = 5*h + 905. Suppose 284 = x + 4*i, 0 = 3*i + 2*i + 20. Let n = x + h. Is n composite?
True
Suppose 96935 = 5*g - 5*k, 0 = 14*k - 11*k. Is g a prime number?
True
Let j = 22 + -21. Let k(o) = 225*o**2 + o - 1. Let s be k(j). Suppose 0 = -3*q - 5*l + 1119, -2*q + l + s = -521. Is q a prime number?
True
Let i = 25 - 22. Let j = i - -1378. Is j a prime number?
True
Suppose -4*k = -10*k - 7224. Let g = k + 1831. Suppose 6*d - 3*l - g = 3*d, l + 635 = 3*d. Is d composite?
True
Let m = -132 + 3091. Is m composite?
True
Let s be 1 + -1 + 2 + 100. Let o be s*(2 - (-10)/(-4)). Is 2 + (6/3 - o) composite?
True
Let z = 91 - 92. Is (86/(-6) + z)/(6/(-45)) a composite number?
True
Suppose n - 3*b - 2*b = 24, 40 = 5*n - 5*b. Suppose -c = -n*c + 5*q + 2074, 0 = -c - q + 678. Is c a prime number?
True
Suppose 5*i - 28475 - 2560 = 0. Is i composite?
True
Let w = -12 + 21. Let t be ((-51)/2)/((-21)/2576). Suppose -x = -w*x + t. Is x composite?
True
Let p(q) = 3425*q**2 - 9*q - 7. Is p(-1) prime?
False
Suppose 5*s + 845 = 2*h + 3*h, 0 = -2*h + s + 335. Suppose -5*c - 460 = -4*g, -2*c = -4*g - 5*c + 460. Let n = h - g. Is n composite?
True
Suppose -4*r - 173 - 1419 = 0. Suppose 3*b - 1759 = -y, -y - 2*y - 2913 = -5*b. Let f = r + b. Is f composite?
True
Suppose 0*t + 18 = 3*t - 4*u, 0 = -4*t - 2*u + 2. Suppose 0 = 3*d - 2*l - t*l - 911, 0 = -d - 3*l + 282. Let x = d - 82. Is x composite?
True
Let m(t) = 6*t + 209. Let u(f) = 7*f + 210. Let c(n) = 5*m(n) - 4*u(n). Is c(0) a composite number?
True
Suppose 0 = 4*u + 5*m - 5 + 1, -3*u + 3 = 5*m. Let s be (u - (-2 - 17)) + 3. Suppose 382 = g + s. Is g a composite number?
False
Suppose -2*y + 3*y = -5*l + 29483, 2*l = 3*y + 11800. Is l a prime number?
True
Let v(o) = o**3 + 8*o**2 + 3*o - 5. Suppose 4*m + 36 + 8 = 0. Let u = m + 7. Is v(u) prime?
True
Let r = -167 - -270. Let g = -16 - -2. Let a = g + r. Is a composite?
False
Suppose 4*o - 5*x - 564 - 860 = 0, 0 = 2*o - 4*x - 718. Suppose 3*q = i + 2515, 4*i - o = 5*q - 4538. Is q prime?
True
Let c(t) = -t**3 + t**2 + 5*t + 9. Let r(g) = 2*g**3 - g**2 - 9*g - 17. Let w(k) = -5*c(k) - 3*r(k). Suppose -3*b - 15 = -0*b. Is w(b) composite?
False
Let o = -6 - -1. Let n = o - -548. Let c = n + -380. Is c a prime number?
True
Let l = 1228 + -552. Suppose -l - 9198 = -2*w. Is w composite?
False
Let b = 1972 + -1029. Is b prime?
False
Suppose -k - 2 = 0, -3*a - 8*k = -3*k + 751. Let h be (a/52)/((-2)/16). Suppose 0*o + o - h = 0. Is o a composite number?
True
Let k be 75/(-15)*(0 + -2). Let h(d) = 3*d + 1. Let b be h(2). Suppose -b*u + k*u = 345. Is u composite?
True
Let y(t) = 6*t - 10. Let n(h) = -5*h + 10. Let q(g) = -4*n(g) - 3*y(g). Let w be q(7). Suppose -w*p + 2*x = -94, -2*p + 2*x = -p - 19. Is p a prime number?
False
Let h = -3 - -8. Suppose -6*g + g - 5*m = -1605, -g + 337 = h*m. Is g composite?
False
Is (0/1 + -614)*(-10)/20 composite?
False
Let m(h) = 9*h + 24. Let s be m(-7). Let j be s/91 - 104/(-14). Let p(i) = 5*i**2 - 20*i + 10. Is p(j) a prime number?
False
Suppose 701 + 333 = 2*a. Let u = a + -98. Is u a composite number?
False
Let s(w) = -w - 4. Let i be 10/((-4)/(-2 + 4)). Let k be s(i). Let l(a) = 355*a**2 + a - 1. Is l(k) a prime number?
False
Suppose 4*i = 2*i - 4, 5*o - 131783 = -i. Is o composite?
False
Let l(i) = -4*i + 7. Let w(r) = -4*r + 6. Let h(g) = 3*l(g) - 2*w(g). Let p = 2 + -6. Is h(p) prime?
False
Let u(r) be the third derivative of 9*r**4/4 + 6*r**2. Let m be u(7). Suppose 3*j = -f + 190, f - m = -f - 4*j. Is f composite?
True
Let b = -25 - -26. Suppose -4*y - 3*z = -b, -4*y + 2*y = -2*z - 18. Suppose k - y*k = -381. Is k a composite number?
False
Suppose 4*a + l + 3*l - 4 = 0, 4*a = l - 1. Is a + -3 + -1 + 1073 prime?
True
Suppose -3*d + 3 + 6 = 0. Let s be d/(-2 + 5) + 244. Let a = s + -130. Is a a prime number?
False
Suppose -4*f + 5*f = -47. Let d(p) = -2*p**2 - 3*p + 11. Let v be d(-7). Let r = f - v. Is r a composite number?
False
Let y(p) be the third derivative of 0*p - 3*p**2 + 17/60*p**5 + 1/12*p**4 - 13/6*p**3 + 0. Is y(-6) a prime number?
True
Suppose -2*v + 5 = 2*m - 9, v + 2 = 2*m. Suppose 0 = 2*s - m - 19. Suppose 7*q + 716 = s*q. Is q composite?
False
Let u = -22 + 24. Suppose -h - u*c + 597 + 858 = 0, c = -3*h + 4375. Suppose -3*f + r = -h, -f + 2*f = r + 485. Is f composite?
False
Let w(y) = -49*y**3 + 9*y**2 + 18*y + 11. Is w(-5) composite?
False
Let f be ((-3)/6 + 0)*4. Let m be (-3813)/(-18) + f/(-12). Is m*(2 + (-1)/4) prime?
False
Let l(f) = -f**3 + 5*f**2 + 7*f - 8. Let j be l(6). Let y be (j - 0) + (-2 - -100). Suppose 3*v = 327 + y. Is v prime?
False
Let k(w) = 353*w + 20. Let d be k(-7). Is 2 - (-3 - d)/(-2) -